eds digit of 4720204?
2
What is the hundreds digit of 2831943?
9
What is the hundreds digit of 206999?
9
What is the ten thousands digit of 767231?
6
What is the units digit of 2813510?
0
What is the ten thousands digit of 16872?
1
What is the hundreds digit of 165225?
2
What is the thousands digit of 17514109?
4
What is the tens digit of 3355?
5
What is the thousands digit of 1865494?
5
What is the hundred thousands digit of 298890?
2
What is the thousands digit of 19670?
9
What is the hundred thousands digit of 11534450?
5
What is the ten thousands digit of 4906042?
0
What is the tens digit of 52221?
2
What is the hundred thousands digit of 104312?
1
What is the hundreds digit of 48608?
6
What is the tens digit of 1954056?
5
What is the hundreds digit of 1381103?
1
What is the hundred thousands digit of 1045248?
0
What is the millions digit of 3458452?
3
What is the hundreds digit of 559827?
8
What is the thousands digit of 5948927?
8
What is the ten thousands digit of 938472?
3
What is the tens digit of 14682?
8
What is the ten thousands digit of 2555288?
5
What is the ten thousands digit of 74979?
7
What is the hundred thousands digit of 135516?
1
What is the ten thousands digit of 372245?
7
What is the hundred thousands digit of 2640806?
6
What is the hundreds digit of 799033?
0
What is the hundreds digit of 5447724?
7
What is the thousands digit of 13974709?
4
What is the thousands digit of 5528207?
8
What is the thousands digit of 1616112?
6
What is the units digit of 1284635?
5
What is the ten thousands digit of 631668?
3
What is the thousands digit of 227911?
7
What is the thousands digit of 504351?
4
What is the thousands digit of 873127?
3
What is the millions digit of 2216108?
2
What is the millions digit of 6216621?
6
What is the hundreds digit of 704782?
7
What is the tens digit of 11319581?
8
What is the units digit of 22476727?
7
What is the thousands digit of 11567?
1
What is the tens digit of 3553141?
4
What is the hundreds digit of 4678292?
2
What is the hundreds digit of 204472?
4
What is the tens digit of 12129298?
9
What is the units digit of 2515757?
7
What is the units digit of 86183?
3
What is the tens digit of 1117078?
7
What is the units digit of 315067?
7
What is the hundred thousands digit of 473627?
4
What is the millions digit of 4833593?
4
What is the units digit of 963511?
1
What is the ten thousands digit of 115580?
1
What is the units digit of 6553962?
2
What is the hundred thousands digit of 235392?
2
What is the units digit of 27711?
1
What is the units digit of 30871?
1
What is the ten thousands digit of 6357516?
5
What is the units digit of 431022?
2
What is the hundred thousands digit of 368238?
3
What is the ten thousands digit of 3264320?
6
What is the ten thousands digit of 8013371?
1
What is the hundreds digit of 242777?
7
What is the hundreds digit of 410306?
3
What is the hundreds digit of 3053548?
5
What is the thousands digit of 202610?
2
What is the units digit of 415171?
1
What is the thousands digit of 7489926?
9
What is the thousands digit of 264325?
4
What is the tens digit of 309463?
6
What is the hundred thousands digit of 968338?
9
What is the hundred thousands digit of 100357?
1
What is the thousands digit of 535761?
5
What is the ten thousands digit of 5405797?
0
What is the thousands digit of 304102?
4
What is the ten thousands digit of 202777?
0
What is the millions digit of 11906196?
1
What is the tens digit of 3549771?
7
What is the hundred thousands digit of 8368676?
3
What is the hundreds digit of 14482926?
9
What is the thousands digit of 281780?
1
What is the thousands digit of 122881?
2
What is the thousands digit of 5304344?
4
What is the hundreds digit of 296441?
4
What is the tens digit of 470025?
2
What is the tens digit of 1280770?
7
What is the ten thousands digit of 20068364?
6
What is the millions digit of 6088637?
6
What is the ten thousands digit of 745464?
4
What is the hundred thousands digit of 433752?
4
What is the hundreds digit of 316271?
2
What is the ten thousands digit of 17907?
1
What is the hundred thousands digit of 2370274?
3
What is the tens digit of 491279?
7
What is the hundred thousands digit of 147358?
1
What is the millions digit of 1927029?
1
What is the hundreds digit of 17205189?
1
What is the ten thousands digit of 817232?
1
What is the tens digit of 2328969?
6
What is the tens digit of 25706052?
5
What is the millions digit of 29387938?
9
What is the hundreds digit of 2110342?
3
What is the thousands digit of 287527?
7
What is the tens digit of 4249019?
1
What is the hundred thousands digit of 2104400?
1
What is the tens digit of 94590?
9
What is the tens digit of 2313148?
4
What is the hundreds digit of 1203642?
6
What is the tens digit of 206215?
1
What is the hundred thousands digit of 10281055?
2
What is the hundreds digit of 470283?
2
What is the ten thousands digit of 331909?
3
What is the thousands digit of 1073738?
3
What is the hundred thousands digit of 432335?
4
What is the millions digit of 4914984?
4
What is the ten thousands digit of 31322?
3
What is the thousands digit of 18464?
8
What is the ten thousands digit of 2533642?
3
What is the millions digit of 4618158?
4
What is the hundred thousands digit of 147326?
1
What is the thousands digit of 217372?
7
What is the units digit of 16340332?
2
What is the hundred thousands digit of 664449?
6
What is the units digit of 1630599?
9
What is the tens digit of 77389?
8
What is the thousands digit of 4311148?
1
What is the hundreds digit of 63977?
9
What is the ten millions digit of 30485754?
3
What is the ten thousands digit of 1147597?
4
What is the hundreds digit of 14953460?
4
What is the millions digit of 17152516?
7
What is the tens digit of 18577965?
6
What is the tens digit of 6787353?
5
What is the tens digit of 788913?
1
What is the tens digit of 231589?
8
What is the ten millions digit of 17287823?
1
What is the thousands digit of 640194?
0
What is the hundreds digit of 6337807?
8
What is the ten thousands digit of 3333784?
3
What is the ten thousands digit of 641383?
4
What is the millions digit of 2850495?
2
What is the units digit of 330246?
6
What is the thousands digit of 2025741?
5
What is the hundreds digit of 49798?
7
What is the tens digit of 66696?
9
What is the thousands digit of 597038?
7
What is the hundreds digit of 82332?
3
What is the thousands digit of 278917?
8
What is the tens digit of 908130?
3
What is the hundreds digit of 5529084?
0
What is the millions digit of 7381778?
7
What is the units digit of 222942?
2
What is the units digit of 1694146?
6
What is the hundred thousands digit of 4069787?
0
What is the ten thousands digit of 5706731?
0
What is the thousands digit of 51720?
1
What is the tens digit of 4378566?
6
What is the hundred thousands digit of 2821309?
8
What is the hundred thousands digit of 30999090?
9
What is the units digit of 12930829?
9
What is the ten thousands digit of 3042457?
4
What is the tens digit of 1197174?
7
What is the ten thousands digit of 48883?
4
What is the hundreds digit of 152850?
8
What is the ten thousands digit of 48626?
4
What is the ten thousands digit of 13969954?
6
What is the millions digit of 4778904?
4
What is the units digit of 406610?
0
What is the ten thousands digit of 19900124?
0
What is the units digit of 114509?
9
What is the hundreds digit of 4250740?
7
What is the thousands digit of 96978?
6
What is the hundred thousands digit of 826176?
8
What is the hundreds digit of 9951794?
7
What is the hundreds digit of 736499?
4
What is the units digit of 2093580?
0
What is the hundred thousands digit of 5893985?
8
What is the hundred thousands digit of 525557?
5
What is the ten thousands digit of 292412?
9
What is the hundreds digit of 57105?
1
What is the ten thousands digit of 254820?
5
What is the hundreds digit of 10452229?
2
What is the hundred thousands digit of 2213501?
2
What is the hundred thousands digit of 295338?
2
What is the millions digit of 14697612?
4
What is the ten thousands digit of 352301?
5
What is the thousands digit of 33532392?
2
What is the hundreds digit of 1305669?
6
What is the units digit of 2130196?
6
What is the ten thousands digit of 113477?
1
What is the ten millions digit